6
Let b(w) = 21*w. Let k be b(-1). Let s = 544 - 552. Let h be (-744)/k + s/(-14). Calculate the highest common factor of h and 9.
9
Let l be 200 - (0 - 4 - -6). Suppose -491 = -7*q + 118. Let n = q - 65. Calculate the greatest common divisor of l and n.
22
Let f = 31503 - 31502. Calculate the greatest common factor of 5573 and f.
1
Suppose -3*z + 4 = 4*c - z, -4 = -4*c + 4*z. Let s(r) = -c + 5*r + 2*r - r**2 + 8*r + 14. Let t be s(13). Calculate the highest common factor of t and 26.
13
Suppose 21*w + 2768 = 25*w. Let o be 11/3 + -3 + w/6. Suppose r - 5*u = -2*u + o, r - 104 = -3*u. What is the highest common divisor of r and 10?
10
Let r be -10*(-8)/30*(477/36 - 5). Let l = 159 - 16. Calculate the highest common factor of l and r.
11
Let a be (-2232)/(-54) + 12/(-9). Suppose 5*v - 5*m = 245, 0 = 43*v - a*v + 5*m - 107. What is the highest common divisor of v and 77?
11
Suppose -12*s - 2759 = -7083 - 11216. Calculate the greatest common divisor of 70 and s.
35
Let r(f) = 3*f + 23. Let i be r(-9). Let k be -94 + (12 + i - 5). Let s = k + 95. What is the greatest common factor of s and 14?
2
Suppose -3*r = 3*j - 25554, 18*j - 25556 = -3*r + 16*j. Calculate the highest common divisor of r and 16.
8
Let i = -12023 + 12047. Calculate the highest common factor of i and 10092.
12
Suppose 0 = -5*u + 5*t + 2910, -u - 4*t + 3552 = 5*u. What is the greatest common factor of 60 and u?
12
Let i(n) = 150*n**2 + n - 1. Suppose -z + 7 = -3*y, -4*z - 5*y - 6 = -0*z. Let j be i(z). What is the greatest common divisor of 6 and j?
6
Let a be (-1)/(24/432) + 42. Suppose q - i = 62, 0*q + 52 = q + 4*i. Calculate the highest common factor of q and a.
12
Let v = 469 + -227. Let b = 52 + 45. Suppose 5*d - 7 = -w, 4*w - b = -4*d + 7*d. What is the greatest common factor of v and w?
22
Let u = 60911 - 60899. Let y be (-1 - -152)/(1/1). Let h = -91 + y. Calculate the greatest common factor of h and u.
12
Let q = 13 + -11. Let i be 76/6 - -1*q/6. Suppose -9*n - 320 = -i*n. What is the greatest common factor of 32 and n?
16
Let h be ((-160)/60)/((-8)/738). What is the greatest common divisor of h and 533?
41
Suppose -395*g = -133*g - 90390. Calculate the greatest common divisor of 7015 and g.
115
Let u(s) = s**2 - 17*s + 23. Let q = -41 + 47. Let v(l) = -1. Let m(f) = q*v(f) + u(f). Let d be m(16). What is the highest common factor of 4 and d?
1
Let p be 3/(-15)*-5 + 5. Suppose p*t + 16 = -20. Let u be (12/10)/(t/(-105)). Calculate the highest common divisor of 105 and u.
21
Suppose 0 = -23*t - 687 + 1055. Let w = -15 - -21. Calculate the greatest common divisor of w and t.
2
Let f be 275*(1880/(-100) + 20). What is the highest common divisor of f and 198?
66
Suppose 14*g = 7*g - 42. Let m be (-21)/(g*(-4)/(-16)). Suppose 12*f - 13*f + 112 = 0. What is the greatest common divisor of f and m?
14
Let x be 625812/300 + 3/(-75). Calculate the highest common factor of x and 350.
14
Let p(y) = 2*y**3 - 78*y**2 - 220*y + 5649. Let b be p(40). Let l be (2 - 4)*(-98)/4. Calculate the highest common factor of l and b.
49
Suppose 5*h + 379 = -5*w + 1554, -4*h + 466 = 2*w. Suppose 163 = 10*f - w. Calculate the greatest common divisor of f and 130.
10
Suppose 3*t = 2*t. Let d(r) = r**2 - 2*r + 1. Let a be d(t). Let k be (-8)/(-224)*-7*-4. What is the greatest common factor of k and a?
1
Let z(m) = -2*m + 207. Let f be z(36). Let w(x) = x**3 - 4*x**2 - x - 5. Let c be w(5). What is the greatest common factor of f and c?
15
Suppose 5*r - 4*r + 3*n = 27, -5*r + 70 = 2*n. Let v be 12/(-84) + 506/14. Let m be ((-46)/(-69))/(2/v). What is the highest common factor of r and m?
12
Let y be ((-9)/4)/((-108)/3312). Suppose 4*t - 8 = 0, -z - 10*t + y = -7*t. Calculate the greatest common divisor of z and 9.
9
Let x(g) = 8*g**3 - 9*g**2 - 4*g - 7. Let t be x(-3). Let r = 301 + t. Calculate the highest common divisor of r and 99.
9
Suppose 9*u = 33*u - 23*u - 10. What is the greatest common divisor of u and 10660?
10
Let c(k) = -730*k + 40. Let b be c(-2). What is the highest common factor of 60 and b?
60
Suppose -5*l + 2*s + 3 = 0, 3*l - l - 5*s = -3. Let d(p) = 28*p - 107. Let x be d(4). Let r be l + -2 + 0 + x. Calculate the highest common divisor of 4 and r.
4
Let s = -227 + 232. Suppose 2*p + 199 = s*p - 5*r, -2*r - 126 = -2*p. Calculate the highest common factor of 290 and p.
58
Suppose 14*v - 7*v - 168 = 0. Let x be (-295)/(-2) - 12/v. Calculate the greatest common divisor of 63 and x.
21
Suppose 117*c = -209*c + 4564. What is the greatest common factor of c and 6090?
14
Suppose -765*v = r - 763*v + 6, 2*r - 69 = 5*v. Let y = 30 - 18. Calculate the highest common divisor of y and r.
12
Suppose -5*h + 4*y = -33, 0*y - 4*y - 18 = -2*h. What is the greatest common factor of h and 2105?
5
Let k = 18 + 132. Let n be 108/2*k/45. Calculate the highest common factor of 36 and n.
36
Let y = -56 + 85. Suppose 65*q - 69*q = -2*s + 2, -2*q = 3*s - 3. Calculate the greatest common factor of s and y.
1
Let m be 31/(186/12)*834. What is the greatest common divisor of m and 695?
139
Let z(c) = -c**3 + 20*c**2 - 65*c + 8. Let u be z(12). Calculate the greatest common divisor of 40 and u.
20
Let s(x) = 954*x + 18798. Let h be s(-12). What is the highest common divisor of 5 and h?
5
Suppose -d + 38 = d. Suppose d*i - 2868 = 8988. Suppose -7*o + o + i = 0. Calculate the greatest common factor of o and 13.
13
Let v be 21/(-35) - (-16254)/315. What is the greatest common factor of v and 7123?
17
Let l = 32 - 33. Let k be 3 + (-3 + l - -3). Let j be 3 + -1*(-27 - k). What is the highest common divisor of j and 48?
16
Let s(x) = x**2 - 12*x - 64. Let i be s(-7). Calculate the greatest common divisor of i and 6.
3
Let g be (-6)/4*((-3)/11 - 4266/1782). What is the greatest common factor of g and 1006?
2
Let t(z) = -23*z - 426. Let x be t(-19). What is the highest common divisor of x and 5819?
11
Suppose 4*n + 3*d = 80428, -2*n = d - 3*d - 40200. Calculate the greatest common factor of n and 56.
56
Let k(q) = -q**2 + 5*q**2 - 3*q - 3*q**2. Let u be k(-7). Let i = 191330 - 191295. What is the greatest common divisor of u and i?
35
Suppose -3*s - 5*t + 1527 = 0, 0 = 4*s + 4*t - 1700 - 344. Suppose 469 = -r + s. Calculate the highest common divisor of 20 and r.
5
Suppose 15*o = 164 + 1156. Calculate the highest common divisor of o and 344.
8
Suppose -g - 2*h + 128 = 0, -290 = 5*g + h - 921. Suppose 0*b + 5*v + 172 = 4*b, -3*v - g = -3*b. What is the greatest common divisor of b and 171?
19
Let q(m) = 16*m**2 - 106*m - 827. Let l be q(-7). What is the highest common divisor of l and 3?
3
Suppose 21*x + 2208 = 27*x. Suppose 2*u - 54 = -2*t, 0 = 2*u + u - 12. Calculate the greatest common divisor of t and x.
23
Suppose 0 = 3*y - 4*y - p - 88, 3*y - 3*p + 288 = 0. Let w = 25 - y. Calculate the highest common factor of 39 and w.
39
Suppose -2*a + 2*l + 16 = 0, 4*l + 24 = 5*a + 3*l. Suppose a*r + 3 = 19. Suppose 0 = -r*z + 12 + 12. What is the highest common divisor of 12 and z?
6
Suppose 5*l - 36*r = -38*r + 4515, 3*l - 4*r - 2735 = 0. What is the highest common factor of 10 and l?
5
Let b = 4 - 4. Suppose b = 5*x - 3*x + 6, k + 3*x - 671 = 0. Suppose -9*a = -a - k. What is the greatest common divisor of a and 51?
17
Let b(c) = 66*c + 4. Let s be b(-4). Let p be (-7 + -3)*2/(-4). Let r be -1 + p/4 - 88595/s. Calculate the highest common divisor of r and 31.
31
Let l(z) = 16*z**2 + 76*z - 77. Let c be l(1). Calculate the greatest common divisor of c and 4605.
15
Let y = -14 + 62. Let v = -44 + y. Let q be (60/(-35))/(v/(-98)). What is the greatest common factor of 28 and q?
14
Let t be 345/2070 + (-5698)/(-12). What is the highest common divisor of 20 and t?
5
Let f = 6378 - 5937. What is the greatest common divisor of f and 27?
9
Let q(c) = 2*c**3 - 39*c**2 + 103*c - 78. Let b be q(20). What is the highest common factor of 54 and b?
6
Suppose -25 = 5*d - 50. Suppose 0 = -3*q - 4*y - y + 335, 0 = d*y + 10. Calculate the greatest common factor of q and 23.
23
Suppose 0 = 2*c - 4*r + 24, 3*r - 75 = 5*c - 8. Let j be 43 + (2 - 0)/(c/35). Calculate the greatest common divisor of 133 and j.
19
Let y be (-1 + 1 - -9)/(70/490). What is the greatest common factor of y and 308?
7
Let s be ((-12)/(-5))/(-4) - (-156)/10. What is t